{"id":345,"date":"2018-02-04T14:53:37","date_gmt":"2018-02-04T13:53:37","guid":{"rendered":"http:\/\/www.ajafec.ch\/?page_id=345"},"modified":"2021-01-31T17:59:29","modified_gmt":"2021-01-31T16:59:29","slug":"historique","status":"publish","type":"page","link":"https:\/\/www.ajafec.ch\/historique\/","title":{"rendered":"Historique"},"content":{"rendered":"<p>[et_pb_section fb_built=\u00a0\u00bb1&Prime; fullwidth=\u00a0\u00bbon\u00a0\u00bb _builder_version=\u00a0\u00bb3.18.4&Prime;][et_pb_fullwidth_image src=\u00a0\u00bbhttps:\/\/www.ajafec.ch\/wp-content\/uploads\/2019\/06\/Bandeau_Historique.png\u00a0\u00bb _builder_version=\u00a0\u00bb3.18.4&Prime;][\/et_pb_fullwidth_image][\/et_pb_section][et_pb_section fb_built=\u00a0\u00bb1&Prime; admin_label=\u00a0\u00bbsection\u00a0\u00bb _builder_version=\u00a0\u00bb3.0.47&Prime; custom_padding=\u00a0\u00bb30px|0px|54px|0px|false|false\u00a0\u00bb][et_pb_row custom_padding=\u00a0\u00bb0|0px|0|0px|false|false\u00a0\u00bb _builder_version=\u00a0\u00bb3.18.4&Prime;][et_pb_column type=\u00a0\u00bb4_4&Prime; _builder_version=\u00a0\u00bb3.18.4&Prime; parallax=\u00a0\u00bboff\u00a0\u00bb parallax_method=\u00a0\u00bbon\u00a0\u00bb][et_pb_post_title meta=\u00a0\u00bboff\u00a0\u00bb _builder_version=\u00a0\u00bb3.18.4&Prime;][\/et_pb_post_title][\/et_pb_column][\/et_pb_row][et_pb_row admin_label=\u00a0\u00bbrow\u00a0\u00bb _builder_version=\u00a0\u00bb3.0.48&Prime; background_size=\u00a0\u00bbinitial\u00a0\u00bb background_position=\u00a0\u00bbtop_left\u00a0\u00bb background_repeat=\u00a0\u00bbrepeat\u00a0\u00bb][et_pb_column type=\u00a0\u00bb4_4&Prime; _builder_version=\u00a0\u00bb3.0.47&Prime; parallax=\u00a0\u00bboff\u00a0\u00bb parallax_method=\u00a0\u00bbon\u00a0\u00bb][et_pb_text admin_label=\u00a0\u00bbText\u00a0\u00bb _builder_version=\u00a0\u00bb3.0.74&Prime; background_size=\u00a0\u00bbinitial\u00a0\u00bb background_position=\u00a0\u00bbtop_left\u00a0\u00bb background_repeat=\u00a0\u00bbrepeat\u00a0\u00bb]<\/p>\n<p>C&rsquo;est dans le cadre d&rsquo;un projet de formation en Sant\u00e9 publique en janvier 1997 que la jurassienne Sabine R\u00e9rat a d\u00e9velopp\u00e9 le projet d&rsquo;une association d\u00e9di\u00e9e au soutien des familles jurassiennes touch\u00e9es par le cancer. Rapidement, un comit\u00e9 a \u00e9t\u00e9 form\u00e9 dans ce but, sous la forme d&rsquo;une antenne de l\u2019Association Romande d&rsquo;aide aux Familles d&rsquo;Enfants atteints de Cancer (ARFEC).<\/p>\n<p>En 1998, une premi\u00e8re manifestation importante a \u00e9t\u00e9 mise en place afin de faire conna\u00eetre la nouvelle association et ses causes \u00e0 la population jurassienne. Plusieurs personnalit\u00e9s du monde sportif et m\u00e9dical se sont retrouv\u00e9es durant un week-end \u00e0 l&rsquo;occasion du slalom automobile de Bure. Un concert regroupant des artistes tels qu&rsquo;Emile et C. J\u00e9r\u00f4me a \u00e9t\u00e9 organis\u00e9.<\/p>\n<p>L&rsquo;association AJAFEC a \u00e9t\u00e9 cr\u00e9\u00e9e en octobre 1999 avec pour but d&rsquo;offrir un soutien de proximit\u00e9 aux familles jurassiennes touch\u00e9es par le cancer.<\/p>\n<p>En parall\u00e8le, le renforcement des liens entre les p\u00e9diatres jurassiens et le Kinderspital de B\u00e2le (UKBB) a permis aux enfants jurassiens de recevoir les traitements n\u00e9cessaires dans un lieu plus proche que les centres hospitaliers de Lausanne ou Gen\u00e8ve. L&rsquo;AJAFEC a elle aussi cr\u00e9\u00e9 des liens importants avec les membres de l&rsquo;UKBB durant cette p\u00e9riode, permettant ainsi aux parents de profiter de traductions de qualit\u00e9 et de places de parking et de mettre \u00e0 disposition des enfants des jeux et livres en fran\u00e7ais.<\/p>\n<p>Depuis lors, l&rsquo;AJAFEC n&rsquo;a cess\u00e9 de d\u00e9velopper ses activit\u00e9s, dans le but d&rsquo;offrir aux enfants touch\u00e9s et \u00e0 leurs familles le meilleur soutien possible.<\/p>\n<p>[\/et_pb_text][\/et_pb_column][\/et_pb_row][\/et_pb_section]<\/p>\n","protected":false},"excerpt":{"rendered":"<p>C&rsquo;est dans le cadre d&rsquo;un projet de formation en Sant\u00e9 publique en janvier 1997 que la jurassienne Sabine R\u00e9rat a d\u00e9velopp\u00e9 le projet d&rsquo;une association d\u00e9di\u00e9e au soutien des familles jurassiennes touch\u00e9es par le cancer. Rapidement, un comit\u00e9 a \u00e9t\u00e9 form\u00e9 dans ce but, sous la forme d&rsquo;une antenne de l\u2019Association Romande d&rsquo;aide aux Familles [&hellip;]<\/p>\n","protected":false},"author":1,"featured_media":0,"parent":0,"menu_order":0,"comment_status":"closed","ping_status":"closed","template":"","meta":{"_et_pb_use_builder":"on","_et_pb_old_content":"C'est dans le cadre d'un projet de formation en Sant\u00e9 publique en janvier 1997 que la jurassienne Sabine R\u00e9rat a d\u00e9velopp\u00e9 le projet d'une association d\u00e9di\u00e9e au soutien des familles jurassiennes touch\u00e9es par le cancer. Rapidement, un comit\u00e9 a \u00e9t\u00e9 form\u00e9 dans ce but, sous la forme d'une antenne de l\u2019Association Romande d'aide aux Familles d'Enfants atteints de Cancer (ARFEC).\n\nEn 1998, une 1\u00e8re manifestation importante \u00e0 \u00e9t\u00e9 mise en place afin de faire conna\u00eetre la nouvelle association et ses causes \u00e0 la population jurassienne. Plusieurs personnalit\u00e9s du monde sportif et m\u00e9dical se sont retrouv\u00e9s le long d'un weekend lors du slalom automobile de Bure et un concert regroupant des artistes tels qu'Emile et C. J\u00e9r\u00f4me a \u00e9t\u00e9 organis\u00e9.\n\nL'association AJAFEC a \u00e9t\u00e9 cr\u00e9\u00e9e en octobre 1999 avec pour but d'offrir un soutien de proximit\u00e9 aux familles jurassiennes touch\u00e9es par le cancer.\n\nEn parall\u00e8le, le renforcement des liens entre les p\u00e9diatres jurassiens et le Kinderspital de B\u00e2le (UKBB) a permis aux enfants jurassiens de recevoir les traitements n\u00e9cessaires dans un lieu plus proche que les centres hospitaliers de Lausanne ou Gen\u00e8ve. L'AJAFEC a elle aussi cr\u00e9\u00e9 des liens importants avec les membres de l'UKBB durant cette p\u00e9riode, permettant ainsi aux parents de profiter de traductions de qualit\u00e9 et de place de parkings et de mettre \u00e0 disposition des enfants des jeux et livres en fran\u00e7ais.\n\nDepuis lors, l'AJAFEC n'a cess\u00e9 de d\u00e9velopper ses activit\u00e9s, dans le but d'offrir aux enfants touch\u00e9s et \u00e0 leurs familles le meilleur soutien possible.","_et_gb_content_width":"","footnotes":""},"class_list":["post-345","page","type-page","status-publish","hentry"],"yoast_head":"<!-- This site is optimized with the Yoast SEO plugin v27.3 - https:\/\/yoast.com\/product\/yoast-seo-wordpress\/ -->\n<title>Historique - AJAFEC<\/title>\n<meta name=\"robots\" content=\"index, follow, max-snippet:-1, max-image-preview:large, max-video-preview:-1\" \/>\n<link rel=\"canonical\" href=\"https:\/\/www.ajafec.ch\/historique\/\" \/>\n<meta property=\"og:locale\" content=\"fr_FR\" \/>\n<meta property=\"og:type\" content=\"article\" \/>\n<meta property=\"og:title\" content=\"Historique - AJAFEC\" \/>\n<meta property=\"og:description\" content=\"C&#039;est dans le cadre d&#039;un projet de formation en Sant\u00e9 publique en janvier 1997 que la jurassienne Sabine R\u00e9rat a d\u00e9velopp\u00e9 le projet d&#039;une association d\u00e9di\u00e9e au soutien des familles jurassiennes touch\u00e9es par le cancer. Rapidement, un comit\u00e9 a \u00e9t\u00e9 form\u00e9 dans ce but, sous la forme d&#039;une antenne de l\u2019Association Romande d&#039;aide aux Familles [&hellip;]\" \/>\n<meta property=\"og:url\" content=\"https:\/\/www.ajafec.ch\/historique\/\" \/>\n<meta property=\"og:site_name\" content=\"AJAFEC\" \/>\n<meta property=\"article:publisher\" content=\"https:\/\/www.facebook.com\/ajafec\" \/>\n<meta property=\"article:modified_time\" content=\"2021-01-31T16:59:29+00:00\" \/>\n<meta name=\"twitter:card\" content=\"summary_large_image\" \/>\n<meta name=\"twitter:label1\" content=\"Dur\u00e9e de lecture estim\u00e9e\" \/>\n\t<meta name=\"twitter:data1\" content=\"2 minutes\" \/>\n<script type=\"application\/ld+json\" class=\"yoast-schema-graph\">{\"@context\":\"https:\\\/\\\/schema.org\",\"@graph\":[{\"@type\":\"WebPage\",\"@id\":\"https:\\\/\\\/www.ajafec.ch\\\/historique\\\/\",\"url\":\"https:\\\/\\\/www.ajafec.ch\\\/historique\\\/\",\"name\":\"Historique - AJAFEC\",\"isPartOf\":{\"@id\":\"https:\\\/\\\/www.ajafec.ch\\\/#website\"},\"datePublished\":\"2018-02-04T13:53:37+00:00\",\"dateModified\":\"2021-01-31T16:59:29+00:00\",\"breadcrumb\":{\"@id\":\"https:\\\/\\\/www.ajafec.ch\\\/historique\\\/#breadcrumb\"},\"inLanguage\":\"fr-FR\",\"potentialAction\":[{\"@type\":\"ReadAction\",\"target\":[\"https:\\\/\\\/www.ajafec.ch\\\/historique\\\/\"]}]},{\"@type\":\"BreadcrumbList\",\"@id\":\"https:\\\/\\\/www.ajafec.ch\\\/historique\\\/#breadcrumb\",\"itemListElement\":[{\"@type\":\"ListItem\",\"position\":1,\"name\":\"Accueil\",\"item\":\"https:\\\/\\\/www.ajafec.ch\\\/\"},{\"@type\":\"ListItem\",\"position\":2,\"name\":\"Historique\"}]},{\"@type\":\"WebSite\",\"@id\":\"https:\\\/\\\/www.ajafec.ch\\\/#website\",\"url\":\"https:\\\/\\\/www.ajafec.ch\\\/\",\"name\":\"AJAFEC\",\"description\":\"Association Jurassienne d&#039;Aide aux Familles d&#039;Enfants atteints de Cancer\",\"publisher\":{\"@id\":\"https:\\\/\\\/www.ajafec.ch\\\/#organization\"},\"potentialAction\":[{\"@type\":\"SearchAction\",\"target\":{\"@type\":\"EntryPoint\",\"urlTemplate\":\"https:\\\/\\\/www.ajafec.ch\\\/?s={search_term_string}\"},\"query-input\":{\"@type\":\"PropertyValueSpecification\",\"valueRequired\":true,\"valueName\":\"search_term_string\"}}],\"inLanguage\":\"fr-FR\"},{\"@type\":\"Organization\",\"@id\":\"https:\\\/\\\/www.ajafec.ch\\\/#organization\",\"name\":\"AJAFEC\",\"url\":\"https:\\\/\\\/www.ajafec.ch\\\/\",\"logo\":{\"@type\":\"ImageObject\",\"inLanguage\":\"fr-FR\",\"@id\":\"https:\\\/\\\/www.ajafec.ch\\\/#\\\/schema\\\/logo\\\/image\\\/\",\"url\":\"https:\\\/\\\/www.ajafec.ch\\\/wp-content\\\/uploads\\\/2026\\\/04\\\/image_2026-04-01_224608345.png\",\"contentUrl\":\"https:\\\/\\\/www.ajafec.ch\\\/wp-content\\\/uploads\\\/2026\\\/04\\\/image_2026-04-01_224608345.png\",\"width\":599,\"height\":388,\"caption\":\"AJAFEC\"},\"image\":{\"@id\":\"https:\\\/\\\/www.ajafec.ch\\\/#\\\/schema\\\/logo\\\/image\\\/\"},\"sameAs\":[\"https:\\\/\\\/www.facebook.com\\\/ajafec\"]}]}<\/script>\n<!-- \/ Yoast SEO plugin. -->","yoast_head_json":{"title":"Historique - AJAFEC","robots":{"index":"index","follow":"follow","max-snippet":"max-snippet:-1","max-image-preview":"max-image-preview:large","max-video-preview":"max-video-preview:-1"},"canonical":"https:\/\/www.ajafec.ch\/historique\/","og_locale":"fr_FR","og_type":"article","og_title":"Historique - AJAFEC","og_description":"C'est dans le cadre d'un projet de formation en Sant\u00e9 publique en janvier 1997 que la jurassienne Sabine R\u00e9rat a d\u00e9velopp\u00e9 le projet d'une association d\u00e9di\u00e9e au soutien des familles jurassiennes touch\u00e9es par le cancer. Rapidement, un comit\u00e9 a \u00e9t\u00e9 form\u00e9 dans ce but, sous la forme d'une antenne de l\u2019Association Romande d'aide aux Familles [&hellip;]","og_url":"https:\/\/www.ajafec.ch\/historique\/","og_site_name":"AJAFEC","article_publisher":"https:\/\/www.facebook.com\/ajafec","article_modified_time":"2021-01-31T16:59:29+00:00","twitter_card":"summary_large_image","twitter_misc":{"Dur\u00e9e de lecture estim\u00e9e":"2 minutes"},"schema":{"@context":"https:\/\/schema.org","@graph":[{"@type":"WebPage","@id":"https:\/\/www.ajafec.ch\/historique\/","url":"https:\/\/www.ajafec.ch\/historique\/","name":"Historique - AJAFEC","isPartOf":{"@id":"https:\/\/www.ajafec.ch\/#website"},"datePublished":"2018-02-04T13:53:37+00:00","dateModified":"2021-01-31T16:59:29+00:00","breadcrumb":{"@id":"https:\/\/www.ajafec.ch\/historique\/#breadcrumb"},"inLanguage":"fr-FR","potentialAction":[{"@type":"ReadAction","target":["https:\/\/www.ajafec.ch\/historique\/"]}]},{"@type":"BreadcrumbList","@id":"https:\/\/www.ajafec.ch\/historique\/#breadcrumb","itemListElement":[{"@type":"ListItem","position":1,"name":"Accueil","item":"https:\/\/www.ajafec.ch\/"},{"@type":"ListItem","position":2,"name":"Historique"}]},{"@type":"WebSite","@id":"https:\/\/www.ajafec.ch\/#website","url":"https:\/\/www.ajafec.ch\/","name":"AJAFEC","description":"Association Jurassienne d&#039;Aide aux Familles d&#039;Enfants atteints de Cancer","publisher":{"@id":"https:\/\/www.ajafec.ch\/#organization"},"potentialAction":[{"@type":"SearchAction","target":{"@type":"EntryPoint","urlTemplate":"https:\/\/www.ajafec.ch\/?s={search_term_string}"},"query-input":{"@type":"PropertyValueSpecification","valueRequired":true,"valueName":"search_term_string"}}],"inLanguage":"fr-FR"},{"@type":"Organization","@id":"https:\/\/www.ajafec.ch\/#organization","name":"AJAFEC","url":"https:\/\/www.ajafec.ch\/","logo":{"@type":"ImageObject","inLanguage":"fr-FR","@id":"https:\/\/www.ajafec.ch\/#\/schema\/logo\/image\/","url":"https:\/\/www.ajafec.ch\/wp-content\/uploads\/2026\/04\/image_2026-04-01_224608345.png","contentUrl":"https:\/\/www.ajafec.ch\/wp-content\/uploads\/2026\/04\/image_2026-04-01_224608345.png","width":599,"height":388,"caption":"AJAFEC"},"image":{"@id":"https:\/\/www.ajafec.ch\/#\/schema\/logo\/image\/"},"sameAs":["https:\/\/www.facebook.com\/ajafec"]}]}},"_links":{"self":[{"href":"https:\/\/www.ajafec.ch\/wp-json\/wp\/v2\/pages\/345","targetHints":{"allow":["GET"]}}],"collection":[{"href":"https:\/\/www.ajafec.ch\/wp-json\/wp\/v2\/pages"}],"about":[{"href":"https:\/\/www.ajafec.ch\/wp-json\/wp\/v2\/types\/page"}],"author":[{"embeddable":true,"href":"https:\/\/www.ajafec.ch\/wp-json\/wp\/v2\/users\/1"}],"replies":[{"embeddable":true,"href":"https:\/\/www.ajafec.ch\/wp-json\/wp\/v2\/comments?post=345"}],"version-history":[{"count":9,"href":"https:\/\/www.ajafec.ch\/wp-json\/wp\/v2\/pages\/345\/revisions"}],"predecessor-version":[{"id":2616,"href":"https:\/\/www.ajafec.ch\/wp-json\/wp\/v2\/pages\/345\/revisions\/2616"}],"wp:attachment":[{"href":"https:\/\/www.ajafec.ch\/wp-json\/wp\/v2\/media?parent=345"}],"curies":[{"name":"wp","href":"https:\/\/api.w.org\/{rel}","templated":true}]}}